12
Let x = 49 - 73. Let u be 4/(x/(-18)) - (-207)/3. Calculate the highest common divisor of u and 54.
18
Let g = 184 - 127. Suppose 4*t + a = 128, -a + g = 3*t - 38. Let w be (242/6)/(1/9). Calculate the highest common divisor of t and w.
33
Let s = 0 - -2. Suppose 34 = 3*b - 3*w - 17, -5*b - 2*w + 120 = 0. Calculate the greatest common divisor of s and b.
2
Suppose 0 = -i, -307 = 5*f - 3*i + 128. Let t = 127 + f. Calculate the highest common divisor of t and 440.
40
Suppose 4*y - 6*z - 764 = -7*z, 4*y + 4*z = 752. Calculate the highest common factor of y and 84.
12
Suppose 4*o = 3*n - 5354, 4*o + 1067 = n - 723. Calculate the greatest common factor of 66 and n.
66
Suppose 120 - 30 = 5*o. Suppose 0 = 25*f - 24*f - 15. Suppose -f = -6*c + 21. What is the highest common factor of o and c?
6
Let c(w) = -57*w + 1033. Let h be c(16). What is the highest common factor of 143 and h?
11
Let z be (6 - 3 - -1) + (-4 - -4). Suppose 11*h - 135 = -z*h. What is the greatest common divisor of h and 63?
9
Let q be 2/(-8)*(30 + -34). Suppose -5*a + 36 + 9 = 0. Calculate the greatest common divisor of a and q.
1
Let c be (2 - -226)/2 - (18 + -14). Let m = -44 + 54. Calculate the greatest common factor of m and c.
10
Suppose -2*m + 5*u = -4*m + 1, 5*m - u - 16 = 0. Calculate the greatest common divisor of m and 69.
3
Let m = 321 - 69. Suppose -7*r - m = -11*r. Calculate the greatest common factor of 21 and r.
21
Suppose -38*y = -32*y - 462. Calculate the greatest common divisor of 14 and y.
7
Suppose -f - 12 = 18. Let r be (f/(-12))/(2/96). Let m = r - 55. Calculate the greatest common factor of m and 13.
13
Let n be (-6)/((1 - 3) + 0). Suppose 3 = n*f - 9. Suppose -f*l + l + 27 = 0. What is the greatest common factor of l and 3?
3
Let f = -18 + 13. Let w = f - -47. Let s = 6 + 0. What is the highest common divisor of s and w?
6
Suppose 0 = 3*n, -i - 4*i = 5*n. Suppose 3*o - 2*o - 110 = i. What is the highest common divisor of 44 and o?
22
Let m(w) = -w**3 - w**2 - 2. Let q be m(-2). Suppose -102 = -2*y - i + 65, -170 = -2*y + q*i. Let x = y - 51. What is the highest common divisor of 3 and x?
3
Let u = -37 - -42. Suppose 5*v - 288 = -2*n, -4*n = n + u*v - 750. What is the highest common divisor of n and 14?
14
Suppose 0*v = -o - 2*v + 1, 0 = 3*o + 2*v - 23. Let r be 64/36 - (-6)/27. Let x be 2/r - 1 - -1. Calculate the greatest common divisor of o and x.
1
Let q(s) = s**3 - 21*s**2 + 47*s - 31. Let a be q(19). Let v be a + 45/10 + 3/(-6). Calculate the highest common divisor of 18 and v.
18
Suppose -h + 185 = 16*i - 21*i, 5*h + 4*i - 1070 = 0. What is the highest common factor of 50 and h?
10
Let i(z) = 12*z**2 + 3*z - 1. Suppose r + 4 = 1. Let p = r - 0. Let m be i(p). What is the greatest common divisor of m and 14?
14
Suppose -5*f - 4*u = -353, 109 + 122 = 3*f - 4*u. Let b = f + -22. Calculate the highest common divisor of 17 and b.
17
Let z = -21 - -19. Let d be (33 + -6)/(2 - z/(-4)). What is the highest common factor of d and 72?
18
Let y be (-1)/((-3 - -6)/3) + -8. Let z be 2 + -123*((-12)/y + -2). Calculate the highest common divisor of 12 and z.
12
Let f(b) = -b**2 + 13*b - 8. Let s be f(12). Suppose s*d - 44 = -5*q, -q = d - 6*d + 55. Let o = -24 - -46. What is the greatest common factor of o and d?
11
Let r be (-2024)/(-198) - 4/18. What is the highest common divisor of 10 and r?
10
Let j(u) = 86*u**2 + 5*u + 6. Let c be j(-1). Calculate the highest common factor of 116 and c.
29
Let c = 996 + -934. What is the greatest common divisor of c and 31?
31
Suppose r + 15 = -3*i, -i = -2*r + 2*i + 15. Suppose 0 = -3*v - r*v + 45. Calculate the highest common factor of 15 and v.
15
Let b(y) = -8*y + 377. Let f be b(47). Calculate the highest common divisor of 19 and f.
1
Suppose o = 2*o, -4*c = -2*o - 92. What is the greatest common factor of c and 253?
23
Let b(k) = k**2 + 4*k - 3. Let z be b(-5). Suppose -n = -4*v - 7, 0*v - z*n - 16 = 2*v. Let l = v + 7. What is the highest common divisor of 4 and l?
4
Let h(f) = 2*f**2 - 28*f + 88. Let g be h(4). What is the greatest common factor of 44 and g?
4
Suppose 4*n - 4 = 4. Suppose 6 = 3*q - z, q - 5*z + 8*z - n = 0. Let k be 27 - 1 - (0 - q). What is the highest common divisor of 42 and k?
14
Suppose -9*f + 21*f - 1020 = 0. Let p be 100/3 - (-4)/6. Calculate the highest common factor of f and p.
17
Let i = 933 - 618. What is the greatest common factor of 35 and i?
35
Suppose 9*n - 28 + 1 = 0. Suppose -2*o + 3*w = -4*o + 25, o = n*w - 1. What is the greatest common divisor of o and 16?
8
Suppose 0 = -5*z - 3*m + 45, m + 0 = -2*z + 18. Let r be (4 + 1)*((-369)/(-45) - 8). What is the greatest common divisor of z and r?
1
Suppose 4*s - 37 = 23. Let a = -48 + 92. Let f be 4 + (-9)/3 + a. What is the highest common divisor of f and s?
15
Suppose 2*c = -2*u + 52, 3*c - 6*c - 3 = 0. Suppose -2*p - 4*t + 16 = 0, 502*p - 500*p - 2*t = 46. Calculate the greatest common factor of u and p.
9
Let r be 27/(-2)*(16 + -14). Let x = 48 + r. Calculate the greatest common factor of 21 and x.
21
Let j = 116 + -101. Suppose 3*x + g = -2*g + 27, 3*x - 3*g = j. What is the highest common factor of x and 175?
7
Let l = 185 - 181. Calculate the greatest common divisor of 7 and l.
1
Let v = 241 - 234. What is the greatest common factor of v and 175?
7
Let i be (-20)/(-8) + -33*26/(-12). Calculate the highest common divisor of i and 185.
37
Let s be 2*(6 - (-2 + 3)). Suppose 3*t - 5*o = 60, -10 - 30 = -2*t - o. Let q be 2*((-5)/(-8))/(5/t). What is the highest common divisor of s and q?
5
Suppose 2*p - p - 6 = 0. Suppose p*h = h + 35. Calculate the highest common divisor of h and 35.
7
Let y be 1/(-17)*-1532 - (-6)/(-51). Calculate the highest common factor of 135 and y.
45
Let h(z) = 19*z - 66. Let b be h(4). Let v = 170 - 80. What is the highest common divisor of b and v?
10
Let a(q) = -14*q - 136. Let k be a(-16). What is the greatest common factor of k and 11?
11
Let y = 1093 + -1076. Calculate the highest common divisor of y and 187.
17
Suppose 6*o - 453 + 45 = 0. Let m = o + 40. Calculate the highest common factor of m and 81.
27
Suppose 0 = 2*g - 0 - 6, -3*i + 5*g + 30 = 0. Suppose -26 = 2*t - 3*k, k + 31 = 12*t - 17*t. Let q = t + i. What is the greatest common factor of q and 56?
8
Let t(l) = -5*l**3 - 6*l**2 - 3*l - 2. Let d be t(-6). Suppose 0 = 10*q - 5*q - d. Let h be 7/(-35) - (-81)/5. What is the highest common divisor of q and h?
16
Suppose 2*z - 30 = -3*z. Suppose 4 = a, 2*y + 11*a = z*a + 26. Suppose -3*k = -x - 185, -5*k + x + 320 = -y*x. What is the greatest common factor of k and 24?
12
Let g be 2/(-4)*(-15 - 39). What is the greatest common factor of g and 81?
27
Suppose -2*m + 1492 = 2*f, 18*m = 21*m - f - 2254. What is the highest common factor of 120 and m?
30
Let k = 389 - 713. Let o be (k/90)/(6/20). Let a = o + 20. Calculate the highest common divisor of a and 2.
2
Let q be 0 + -2 - (-3858 - -22). What is the highest common factor of q and 54?
54
Let g = 67 + -64. Let l = g + -2. Suppose -13 - 2 = -3*z. Calculate the highest common divisor of l and z.
1
Let w be (3 - 339)/(69/(-12) + 5). What is the greatest common factor of w and 28?
28
Let o = 65 + -70. Let u be 16/(o + 1) + 4 - -10. What is the greatest common factor of u and 110?
10
Suppose 5*x + 5*s - 825 = 0, 2*x = -s + 216 + 117. Calculate the greatest common divisor of 21 and x.
21
Let m = 55 - 243. Let b = m + 348. Calculate the highest common divisor of 20 and b.
20
Let z(g) = 8*g - 49. Let v be z(9). Calculate the highest common divisor of v and 529.
23
Let v be 0 + (-1)/(-2)*6. Let c(i) = -31*i**2 + 36*i**2 - 3*i + 5 - i**v - i. Let o be c(4). What is the greatest common factor of 2 and o?
1
Let q(v) = 5*v**2 - 5*v - 1. Let g be q(3). Suppose -g*x + 6 = -28*x. Let h be (-11 - 1)/(4/(-18)). Calculate the greatest common divisor of h and x.
6
Suppose -3*j = -j + 4, -v = -2*j - 213. Calculate the highest common divisor of v and 19.
19
Suppose 11870 - 3428 = 9*g. Calculate the highest common factor of g and 14.
14
Let w = 105 - -25. Calculate the greatest common divisor of w and 20.
10
Suppose 4*h - 2*v = 4, 4*h - v - 14 = -4*v. Suppose -361*s = -355*s - 18. What is the greatest common factor of s and h?
1
Let x be 16*4*(-3)/(-48). Calculate the 